 3*m - 2*n - 5 - 18. What is the units digit of m?
5
Let y = -406 + 798. What is the tens digit of y?
9
Suppose -s + 4*s - 4*o = 163, -15 = -3*o. What is the units digit of s?
1
Suppose 0 = -0*h - 3*h, 4*b = 2*h + 520. What is the tens digit of b?
3
Suppose -1 = -u - 0. Let o = u - 3. What is the units digit of 1 + 1 + o - -3?
3
Let d(m) = -m**2 + m + 1. Let n(y) = 7*y**2 - 6*y - 6. Let a(h) = 3*d(h) + n(h). Let v(w) be the first derivative of a(w). What is the tens digit of v(2)?
1
Suppose 2*f + 40 = -3*f. Let t(q) be the first derivative of q**4/4 + 7*q**3/3 - 5*q**2 - 9*q + 6. What is the units digit of t(f)?
7
Let k(l) = 11*l**2 + 10*l + 6. Suppose -4*v = -8 - 24. Let i(x) = -4*x**2 - 3*x - 2. Let p(u) = v*i(u) + 3*k(u). What is the units digit of p(-6)?
2
Suppose 0 = -t + 2*o - 8, -14 = 2*t + t - 4*o. What is the tens digit of (t*1)/((-4)/(-44))?
2
Let g = -3 - -7. Let b be 21/(-8)*-2*g. Let v = b + -10. What is the units digit of v?
1
What is the units digit of (-2)/(1/(-5) - 3/(-16))?
0
Suppose g = 6*g - 50. Suppose 4*h - z - 103 = 0, h - 47 = z - 5*z. Let c = h - g. What is the tens digit of c?
1
Let v(r) = r**3 + 5*r**2. Let f be v(-5). Suppose 0 = -0*i + 4*i - 16. Suppose f = -d - i + 12. What is the units digit of d?
8
Suppose 0 = -3*y, a + 5*y + 30 = 6*a. Suppose -a = -m + 5. What is the units digit of m?
1
Suppose -3*x + 4*x = 5*c - 14, 0 = 4*x + 16. Let t be -15 + c + 1*2. Let b = t + 18. What is the units digit of b?
7
Let a be 2 - ((-10 - 4) + -2). Suppose 3*v - 6*v = -a. What is the units digit of v?
6
What is the tens digit of ((-20)/(-30))/((-1)/(-27))?
1
Let g = -22 + 40. Suppose 2*a - 2 - g = 0. What is the units digit of ((-1)/2 + 1)*a?
5
Let j be (-6)/(-4)*(-4)/(-3). Suppose 0*n + 2*n - j*w - 24 = 0, 3*w + 12 = 0. What is the units digit of n?
8
Let w(k) = -k + 1. Let v be w(-1). Suppose -x + v*n = 4, -7 = -4*x + 2*x + n. What is the units digit of x?
6
Let w(c) be the third derivative of -c**4/8 - 5*c**3/6 - 2*c**2. Suppose 5*s + 24 = 4. What is the units digit of w(s)?
7
Let i(t) = -t**2 - 10*t + 27. What is the tens digit of i(-10)?
2
Let t(b) = -12*b - 12*b - 9*b - 2*b. What is the units digit of t(-1)?
5
Let t(g) = -g**2 + 3*g + 3. Let l be t(3). Suppose 0*m = m - l. What is the units digit of (16 - m) + 0/2?
3
Let a = 9 + -14. Let k = -3 - a. Suppose j - 9 = -k*j. What is the units digit of j?
3
Let l be (-10)/(-3) + (-1)/3. Suppose 8 - 84 = -2*x + 3*y, l*x - 88 = -2*y. What is the tens digit of x?
3
Let v = -3 - -14. What is the units digit of v?
1
Let f be 57/21 + (-2)/(-7). Let p = f - 16. Let x(z) = z**2 + 13*z + 8. What is the units digit of x(p)?
8
Let n = -41 - -28. Let f = -8 - n. What is the units digit of f?
5
Let q = -149 + 282. What is the units digit of q?
3
Let w(d) = -6*d**2 + 2*d - 1. Let y be w(1). What is the units digit of -1 + y + 3 + 14?
1
Let o(q) = q**2 + 4*q + 4. What is the units digit of o(6)?
4
Suppose -2*l - 63 = -4*u + 221, 2*l = 2*u - 142. What is the tens digit of u?
7
Let c be (-49)/(-21) + 4/6. Let m(l) = 13*l**3 + 6*l**3 - 2*l**c + l**2 - 1. What is the tens digit of m(1)?
1
Let b = 7 + -7. Suppose -4*l - 4 - 21 = -5*y, b = 4*y + 4*l - 56. What is the units digit of y?
9
Let p(a) = 0*a + 2*a + 0*a - 5*a + 2. What is the tens digit of p(-4)?
1
Suppose -112 = -11*o + 581. What is the units digit of o?
3
Let y(l) = -l**3 + 7*l**2 + 9. Let k be y(7). Suppose -4*b - 15 - k = 0. Let s = 16 + b. What is the units digit of s?
0
Suppose 2*p + 1 = -3*n + 5, p - 4*n = -20. What is the units digit of (6/5)/(p/(-10))?
3
Let z(n) be the first derivative of 9*n**2/2 + 2*n - 1. What is the tens digit of z(2)?
2
Suppose 5*u - 19 = 191. Suppose z + 19 = 3*g - g, 5*g - u = -3*z. What is the units digit of g?
9
Suppose -2*o + 43 = -97. What is the units digit of o?
0
Let t(h) = -h**2 + 7*h + 3. Let a be t(7). Suppose a*f - 8 = -2. Suppose -2*w - f = -4*w. What is the units digit of w?
1
Let c = 6 - 2. Suppose v - c*v = -6. Suppose 0 = -5*w + v*w + 36. What is the units digit of w?
2
Let l be (-3)/((-9)/87) - 1. Suppose 3*c = l - 10. What is the tens digit of 3/(c/20*1)?
1
Let v(a) = -a**3 + a**2 - 4*a - 4. Let c be v(-2). Suppose -2*h + 4 = -0. What is the tens digit of c - 2/h*1?
1
Suppose -4*z = -7*z + 168. What is the tens digit of z?
5
Suppose -9*x - 40 = -4*x. What is the units digit of 3/((2/x)/(-1))?
2
Suppose 3*m - 14 = 4*z - 1, 5*z - 10 = 0. Let t = m + -1. What is the units digit of t?
6
Let y(u) = -u**2 + u + 4. Let s be y(-3). Let x be (-2)/s - 38/(-8). Suppose x*q + 4*i = 53, -3*i + 8*i + 26 = 4*q. What is the units digit of q?
9
Let h(o) = 33*o - 85. What is the tens digit of h(9)?
1
Suppose 2*n - 216 = -32. What is the units digit of n?
2
Let p(o) = o**3 + o - 1. Let i be p(0). What is the tens digit of (i/(-3) - 2)*-18?
3
Suppose 3*n + 0*n = 9, -3*f - n + 327 = 0. What is the units digit of f?
8
Suppose -3*t = 3 - 21. Suppose -5*m = 2*q + t - 71, -5*m + 40 = -3*q. What is the units digit of m?
1
Let o(v) = 3*v**2 + v + 2. Let m(u) = u**3 + 2. Let c be m(0). What is the units digit of o(c)?
6
Let b(k) = -4*k + 9. Let m(d) = 2*d - 4. Let a(x) = -2*b(x) - 5*m(x). What is the tens digit of a(-5)?
1
Let w(k) = -3*k**3 - 7*k**2 + 4*k + 64. Let d(m) = -2*m**3 - 5*m**2 + 3*m + 43. Let r(q) = -7*d(q) + 5*w(q). What is the units digit of r(0)?
9
Let b(q) = -q**3 - 12*q**2 - 2*q + 40. What is the units digit of b(-13)?
5
Let o(k) = -k**3 + k**2 - k + 8. What is the units digit of o(0)?
8
Let q(o) = 3*o. Let h be q(-3). Let s = h - -34. What is the tens digit of s?
2
Suppose 3*j = 3 + 18. Let c(u) = -u**2 + 6*u - 1. Let p be c(j). What is the units digit of (-162)/(-24) + (-2)/p?
7
Suppose -3*g - 2*g + 55 = -2*v, 5*v + 25 = 0. Suppose -g - 3 = -i. What is the tens digit of i?
1
Let t be 85 + (-3 - -1)/(-2). Suppose -t = -4*a + 34. What is the units digit of a?
0
Suppose -2*r - 4*v + 15 = -9, -4*r + 35 = -5*v. What is the units digit of (-7 - 3)*(-44)/r?
4
Let q(h) = 20*h - 1. Suppose -7*t + 2*t = -10. What is the units digit of q(t)?
9
Let m(u) be the first derivative of -u**2 + 1/3*u**3 - 4 - 2*u. What is the tens digit of m(5)?
1
Let x(v) = v**2 - 6*v + 6. Let s be x(4). Let p = 10 + s. What is the units digit of p?
8
Let m = 320 - 185. What is the tens digit of 16/6*m/18?
2
Suppose -4*i = -152 + 24. What is the tens digit of i?
3
What is the units digit of (27/(-15))/(6/(-20))?
6
Let z be 4 - 3/(-9)*0. Suppose -o = z - 12. What is the units digit of o?
8
What is the hundreds digit of (-17 - -1)*(6 - (-87)/(-6))?
1
Suppose k - 2*y - 44 = 104, 3*y + 301 = 2*k. What is the units digit of k?
8
Let s(h) = h + 20. Suppose -4*c + 14 - 50 = 0. What is the units digit of s(c)?
1
Let c = 181 - 105. Suppose -x = 4 - 3, -5*t + x = -c. What is the units digit of t?
5
Suppose 3*i + 2 = i + 2*n, -22 = -3*i - 2*n. Suppose 5*s - 1 = i. What is the units digit of s?
1
Let z(u) = -u**2 + 5*u - 1. Let f(b) = -7*b - 3. Let t be f(-2). Let l = 15 - t. What is the units digit of z(l)?
3
Let k(p) = p**3 + p**2 - 6*p - 6. Let z(g) = g**3 + 2*g**2 - 6*g - 6. Let t(y) = -3*k(y) + 4*z(y). What is the tens digit of t(-5)?
2
Let p = -143 - -77. What is the units digit of (p/12)/((-1)/2)?
1
Let c(g) = g - 2. Let p be c(5). Suppose -p*f + f = -8. What is the units digit of f?
4
Suppose 7 = 4*l - 41. What is the tens digit of l?
1
Let b be 5*((-2)/5 - -2). Let f = 152 + -68. Suppose 2*o = -4*w - o + f, b = 2*o. What is the tens digit of w?
1
What is the units digit of 44/(-55)*370/(-4) - 0?
4
Let l be (-93)/(-21) + 3/(-7). What is the tens digit of -4 + l/2 + 19?
1
Let i = -17 + 9. Let n = i - -9. What is the units digit of n?
1
Suppose 0 = 2*v + 2*v - 8. Suppose -v*k + 1 = 3. What is the units digit of ((-6)/(-5))/(k/(-5))?
6
What is the units digit of 0 + (-4 - (2 - 27))?
1
Let i = -29 - -49. Let s = -5 + i. What is the units digit of s?
5
Suppose 5*o + 0*c - 30 = -c, -3*c + 15 = 0. Suppose -3*j - 2*j + 4 = f, -f - 4*j = -o. What is the units digit of f?
9
Let c = 0 + -4. Let v = c + 1. What is the units digit of 4 - 2 - (0 + v)?
5
Suppose -4*u + 1 = -2*j - 11, 0 = -5*u + 25. Suppose 75 = j*p - 73. What is the units digit of p?
7
Suppose -5*d + 146 = -4*d - q, -3*d - 5*q + 470 = 0. What is the units digit of d?
0
Suppos